he highest common divisor of m and 2155.
5
Suppose 31*o - 4 = 35*o. Let f(d) = 19*d**2 + 11*d + 13. Let l be f(o). What is the highest common divisor of l and 77?
7
Let m be -1*4*(9/12 - 11). Let t be 1/(-2)*-6 - 0. Suppose 615 = -0*b + t*b. What is the greatest common divisor of m and b?
41
Let g(w) = -w**2 + 9*w + 17. Let v be g(11). Let d be (-27)/(-3)*(-1 + -3 - v). Calculate the greatest common factor of d and 57.
3
Let o(f) = 70*f**2 - 73 - 23*f + f**3 - 209*f**2 + 86*f**2 + 71*f**2. Let m be o(-19). What is the highest common factor of 12 and m?
3
Let h = 1488 - 1012. Suppose 497*y - 496*y - h = 0. What is the greatest common factor of y and 28?
28
Let j = 532 - 527. Suppose 91 = 4*o - j*s, 3*s = -3*o + s + 51. What is the highest common divisor of 703 and o?
19
Let x be (15 + 1470)*9/15. What is the highest common factor of 5247 and x?
99
Suppose 3*k - q - 190 = -2*q, 4*q = -3*k + 184. Suppose -136 = -2*u + 504. What is the highest common factor of k and u?
64
Let g be 4/(-6) + (-8)/(-3). Suppose -g*q - o + 416 = -5*o, q - 207 = 3*o. Let y = 234 + -213. What is the greatest common factor of y and q?
21
Let y = -165 - -216. Let x be ((9/(-5))/1)/(y/(-340)). Let d = -89 + 197. Calculate the greatest common divisor of d and x.
12
Suppose -9*u = -u + 12*u - 720. What is the greatest common factor of u and 54?
18
Let n(q) = q**3 - 2*q**2 - 11*q + 9. Let o be n(4). Let d(g) = -2*g**3 - 2*g**2 + 3*g - 10. Let a be d(o). What is the highest common factor of 527 and a?
17
Let u = 44 + -45. Let l be (u - -2)/((-20)/(-16) - 1). Suppose 45 + 19 = l*n. What is the greatest common divisor of 64 and n?
16
Let n(w) = -5*w**2 - 177*w - 82. Let l be n(-28). What is the highest common factor of 36 and l?
18
Suppose -3*x - 477 = -6*x. Let z be 106*((-4)/(-2) - 1). What is the greatest common factor of z and x?
53
Let t(q) = q**2 - 9. Let z be t(0). Let h = z + 12. Let n be 5 + -1 - (h + (-496)/8). What is the highest common factor of 7 and n?
7
Suppose -330 = -9*s + 23*d - 21*d, 2*s - 5*d - 46 = 0. What is the highest common divisor of s and 4009?
19
Let k = -18206 - -41151. What is the highest common factor of 65 and k?
65
Let m = 91 - 90. Let b(g) = 295*g**3 + 2*g**2 - 7*g + 6. Let w be b(m). What is the greatest common factor of w and 24?
8
Let g = -260 + 266. Let v be 20/g*702/195. What is the highest common factor of 18 and v?
6
Let y be 10/(-20) - 465/6. Let b be -8*6/(72/y). Calculate the greatest common divisor of 26 and b.
26
Let g(n) = -3*n**3 - 62*n**2 - 648*n - 4. Let v be g(-17). Calculate the highest common factor of v and 84.
21
Let o(p) = 5*p + 130. Let u be o(-29). Let y be (u/6 - 3)*-4. Suppose 4*a = 223 - 3. What is the greatest common divisor of a and y?
11
Suppose k + 4 = 7. Suppose -5*n - 87 = 2*b, -51 = b + k*n + 2*n. Let l be (-8)/b - 50/(-18). What is the highest common factor of l and 39?
3
Suppose -2*y = u - 46 - 6, 78 = 3*y + 2*u. Let o = -43 + 173. What is the greatest common divisor of o and y?
26
Let t = 3963 + -3698. Let m = -31 - -84. Calculate the greatest common divisor of t and m.
53
Let a(r) = r**3 + 10*r**2 + 2*r - 23. Let b be (-100)/25 + 5/(-1). Let t be a(b). Let x = t + -10. What is the greatest common divisor of 210 and x?
30
Let k(t) = t**2 + 8*t + 1. Let o = 14 + -22. Let z be k(o). Let m(w) = 20205*w + 40412. Let l be m(-2). What is the greatest common factor of z and l?
1
Let n be (9 + -4 - -2 - -2555) + 15/3. Calculate the greatest common factor of n and 85.
17
Let o(b) = -39*b + 34. Let r be o(-25). Let l = -805 + r. What is the greatest common factor of 68 and l?
68
Let s(f) = f**3 - f**2 + 5*f - 7. Let w be s(4). Suppose -9*g = w - 736. Calculate the highest common factor of 125 and g.
25
Let b = 35135 + -34995. Calculate the greatest common divisor of 8190 and b.
70
Let b(s) = -2*s + 3. Let d be b(-4). Let i = 121 - 254. Let n = -111 - i. What is the highest common divisor of n and d?
11
Let f be -1 + (0 - 0) + 207. Suppose -12*r + v + 9 = -8*r, 3*r - 4*v - 10 = 0. Calculate the greatest common factor of f and r.
2
Let t be -606*(-1)/(-6)*-3. Let c = -302 + t. What is the greatest common divisor of c and 11?
1
Let z(q) = -5*q + 94. Let r be z(5). Suppose -17*y + r = -186. Let c be (-4)/10 + 64/10. Calculate the greatest common divisor of c and y.
3
Let a = 18 + -14. Suppose -a*h + 217 + 2 = -w, 57 = h - w. Calculate the highest common divisor of h and 24.
6
Let b(j) be the second derivative of j**5/20 + 5*j**3/6 - 2*j**2 + 129*j - 1. Let r be b(4). What is the highest common divisor of r and 15?
5
Let w(p) = -p**2 + 12*p - 14. Let c be w(7). Suppose -i - c = -4*i. Calculate the greatest common divisor of 133 and i.
7
Suppose 3*c + 907 = -5*g, -g - 1220 = 4*c - 5*g. Let d = c - -307. Calculate the greatest common factor of d and 75.
3
Let m = -6385 - -6398. What is the greatest common factor of 429 and m?
13
Suppose -4*k = 4*z - 76, 12 - 2 = -5*z. Let b = 34 - k. Let w = -1750 + 1841. What is the highest common factor of b and w?
13
Let x(c) = -c**3 - 7*c**2 + 5*c - 19. Let v be x(-8). Suppose 0 = -4*m - 3*t + 89 + 292, v*m - 505 = 2*t. What is the greatest common factor of m and 11?
11
Let l(s) = s**2 - 17*s - 18. Suppose 4*m - 52 = 4*i, 10 = m + 4*i - 28. Let r be l(m). Suppose u + 3 - 6 = r. Calculate the highest common divisor of u and 9.
3
Suppose -36*o + 38*o - 12 = 0. Suppose 6 = 3*x, -3*a + 2*x = -x - o. Suppose -32 = -s - a. What is the greatest common divisor of s and 308?
28
Let r = 1460 - 756. What is the greatest common factor of 256 and r?
64
Let c = 36 - 25. Let z(d) = -532*d + 135. Let p(j) = 177*j - 46. Let x(i) = -8*p(i) - 3*z(i). Let w be x(1). What is the highest common factor of w and c?
11
Suppose 15 + 135 = 3*w. Suppose 8 = v, -5*o + 766*v = 768*v - 641. Calculate the greatest common divisor of w and o.
25
Let n(v) = 15*v - 53. Let h be n(6). Suppose 0 = 39*g - h*g - 80. What is the greatest common factor of 8 and g?
8
Let a(k) = k - k - 167*k**2 - 17*k - 2*k + 168*k**2 + 98. Let b be a(12). What is the greatest common factor of 182 and b?
14
Let c be (8/(-52) - 8/(-26)) + (-360276)/(-39). Calculate the highest common factor of 62 and c.
62
Let b(l) = -l**3 - 15*l**2 + 17*l + 5. Let c be b(-17). Calculate the greatest common divisor of c and 343.
49
Let b = 477 + -212. Suppose -b = -7*m - 90. What is the greatest common factor of m and 725?
25
Let h be (-21 + 18)*(-58)/3. Let m be (-2702)/714*-69 + (-2)/17. What is the highest common factor of m and h?
29
Suppose 3*p - o + 438 = 0, -11*p - 4*o + 292 = -13*p. Let l be p/(-10)*3 - 1/(-5). Let k be -2*(2 + -1) + 112. What is the greatest common factor of k and l?
22
Let a = 234 + -124. Let t = -56 - 161. Let c = t + 228. Calculate the highest common divisor of c and a.
11
Suppose -8821 = 75*o - 49096. What is the greatest common divisor of 358 and o?
179
Let j(o) = o**2 - 7*o + 25. Let a be j(7). Suppose y - a*t + 21*t - 34 = 0, -4*y = -4*t - 76. Calculate the highest common divisor of y and 42.
14
Suppose -5*q = -4*z - 22 - 27, -5*q = 3*z - 42. Let b = -317 - -318. Suppose b + q = h. Calculate the greatest common divisor of h and 4.
2
Let b = 6264 + -6261. What is the highest common factor of 210 and b?
3
Let v be -1*(-1 + 9) + 316/79. Let z be ((-245)/4 - (-4)/(-1))*v. Calculate the highest common factor of 29 and z.
29
Suppose 9*w + 705 = 3306. Let q(k) = -k**2 - 14*k + 3. Let p be q(-8). Calculate the highest common factor of w and p.
17
Let o = -26 + 34. Let t be 1/(-4) + 450/o. Let m(s) = -s**3 - 5*s**2 + s - 7. Let d be m(-7). What is the highest common factor of d and t?
28
Let g(q) = -q**2 - 2*q - 9. Let h be g(0). Let k be 1 + 404/6 - (-12)/h. Let d = -33 + k. What is the highest common divisor of 85 and d?
17
Let d be 560/64 - 1/(-4). Suppose -4*l - d = 15. Let g be 10/(-8)*(l + -2). Calculate the highest common factor of g and 2.
2
Let p be -66*16/(-6) + 0. Let r = 103 - p. Let g = r + 91. What is the greatest common divisor of 9 and g?
9
Let n = -1526 - -2329. What is the greatest common divisor of 22 and n?
11
Suppose c = -0*c + 26. Let b be (-6)/(-2)*4*3/(-9). Let u be 3129/12 + 3*1/b. Calculate the greatest common divisor of c and u.
26
Suppose -5270 = -478*a + 476*a - 5*x, 5*a + x - 13244 = 0. What is the highest 